{"id":94,"date":"2019-09-26T10:51:07","date_gmt":"2019-09-26T08:51:07","guid":{"rendered":"http:\/\/jardinsdxa.cluster023.hosting.ovh.net\/?page_id=94"},"modified":"2020-10-06T10:10:10","modified_gmt":"2020-10-06T08:10:10","slug":"alentours","status":"publish","type":"page","link":"https:\/\/www.jardins-de-boscornut.com\/index.php\/alentours\/","title":{"rendered":"Alentours"},"content":{"rendered":"\t\t<div data-elementor-type=\"wp-page\" data-elementor-id=\"94\" class=\"elementor elementor-94\">\n\t\t\t\t\t\t<section class=\"elementor-section elementor-top-section elementor-element elementor-element-92193bd elementor-section-boxed elementor-section-height-default elementor-section-height-default\" data-id=\"92193bd\" data-element_type=\"section\">\n\t\t\t\t\t\t<div class=\"elementor-container elementor-column-gap-default\">\n\t\t\t\t\t<div class=\"elementor-column elementor-col-50 elementor-top-column elementor-element elementor-element-dfe7423\" data-id=\"dfe7423\" data-element_type=\"column\">\n\t\t\t<div class=\"elementor-widget-wrap elementor-element-populated\">\n\t\t\t\t\t\t<div class=\"elementor-element elementor-element-9fd14f0 elementor-widget elementor-widget-spacer\" data-id=\"9fd14f0\" data-element_type=\"widget\" data-widget_type=\"spacer.default\">\n\t\t\t\t<div class=\"elementor-widget-container\">\n\t\t\t\t\t<div class=\"elementor-spacer\">\n\t\t\t<div class=\"elementor-spacer-inner\"><\/div>\n\t\t<\/div>\n\t\t\t\t<\/div>\n\t\t\t\t<\/div>\n\t\t\t\t<div class=\"elementor-element elementor-element-13b48b1 elementor-widget elementor-widget-text-editor\" data-id=\"13b48b1\" data-element_type=\"widget\" data-widget_type=\"text-editor.default\">\n\t\t\t\t<div class=\"elementor-widget-container\">\n\t\t\t\t\t\t\t<p class=\"font_6\"><strong>La ferme est localis\u00e9e \u00e0 Sainte-Orse dans le Haut P\u00e9rigord Noir. Il y a de nombreux sites \u00e0 visiter et de multiples activit\u00e9s \u00e0 pratiquer !<\/strong><\/p>\t\t\t\t\t\t<\/div>\n\t\t\t\t<\/div>\n\t\t\t\t\t<\/div>\n\t\t<\/div>\n\t\t\t\t<div class=\"elementor-column elementor-col-50 elementor-top-column elementor-element elementor-element-90143a2\" data-id=\"90143a2\" data-element_type=\"column\">\n\t\t\t<div class=\"elementor-widget-wrap elementor-element-populated\">\n\t\t\t\t\t\t<div class=\"elementor-element elementor-element-9dbb981 elementor-widget elementor-widget-text-editor\" data-id=\"9dbb981\" data-element_type=\"widget\" data-widget_type=\"text-editor.default\">\n\t\t\t\t<div class=\"elementor-widget-container\">\n\t\t\t\t\t\t\t<p class=\"font_6\">D\u00e9couvrez le tr\u00e8s beau village de Sainte-Orse !<\/p>\t\t\t\t\t\t<\/div>\n\t\t\t\t<\/div>\n\t\t\t\t<div class=\"elementor-element elementor-element-1597056 elementor-widget elementor-widget-image\" data-id=\"1597056\" data-element_type=\"widget\" data-widget_type=\"image.default\">\n\t\t\t\t<div class=\"elementor-widget-container\">\n\t\t\t\t\t\t\t\t\t\t<figure class=\"wp-caption\">\n\t\t\t\t\t\t\t\t\t\t\t<a href=\"https:\/\/www.sainte-orse-memoire-patrimoine.fr\/fr\/information\/38556\/photos\">\n\t\t\t\t\t\t\t<img fetchpriority=\"high\" decoding=\"async\" width=\"430\" height=\"118\" src=\"https:\/\/www.jardins-de-boscornut.com\/wp-content\/uploads\/2019\/09\/sainteorse.jpg\" class=\"attachment-large size-large wp-image-201\" alt=\"\" srcset=\"https:\/\/www.jardins-de-boscornut.com\/wp-content\/uploads\/2019\/09\/sainteorse.jpg 430w, https:\/\/www.jardins-de-boscornut.com\/wp-content\/uploads\/2019\/09\/sainteorse-300x82.jpg 300w\" sizes=\"(max-width: 430px) 100vw, 430px\" \/>\t\t\t\t\t\t\t\t<\/a>\n\t\t\t\t\t\t\t\t\t\t\t<figcaption class=\"widget-image-caption wp-caption-text\">Photos : Association Sainte-Orse M\u00e9moire et Patrimoine<\/figcaption>\n\t\t\t\t\t\t\t\t\t\t<\/figure>\n\t\t\t\t\t\t\t<\/div>\n\t\t\t\t<\/div>\n\t\t\t\t\t<\/div>\n\t\t<\/div>\n\t\t\t\t\t<\/div>\n\t\t<\/section>\n\t\t\t\t<section class=\"elementor-section elementor-top-section elementor-element elementor-element-b7baa97 elementor-section-boxed elementor-section-height-default elementor-section-height-default\" data-id=\"b7baa97\" data-element_type=\"section\">\n\t\t\t\t\t\t<div class=\"elementor-container elementor-column-gap-default\">\n\t\t\t\t\t<div class=\"elementor-column elementor-col-50 elementor-top-column elementor-element elementor-element-731c7e1\" data-id=\"731c7e1\" data-element_type=\"column\">\n\t\t\t<div class=\"elementor-widget-wrap elementor-element-populated\">\n\t\t\t\t\t\t<div class=\"elementor-element elementor-element-0563356 elementor-widget elementor-widget-heading\" data-id=\"0563356\" data-element_type=\"widget\" data-widget_type=\"heading.default\">\n\t\t\t\t<div class=\"elementor-widget-container\">\n\t\t\t<h2 class=\"elementor-heading-title elementor-size-default\">A proximit\u00e9...<\/h2>\t\t<\/div>\n\t\t\t\t<\/div>\n\t\t\t\t<section class=\"elementor-section elementor-inner-section elementor-element elementor-element-ce1d94a elementor-section-boxed elementor-section-height-default elementor-section-height-default\" data-id=\"ce1d94a\" data-element_type=\"section\">\n\t\t\t\t\t\t<div class=\"elementor-container elementor-column-gap-default\">\n\t\t\t\t\t<div class=\"elementor-column elementor-col-33 elementor-inner-column elementor-element elementor-element-980a25a\" data-id=\"980a25a\" data-element_type=\"column\">\n\t\t\t<div class=\"elementor-widget-wrap elementor-element-populated\">\n\t\t\t\t\t\t<div class=\"elementor-element elementor-element-d35bc57 elementor-widget elementor-widget-text-editor\" data-id=\"d35bc57\" data-element_type=\"widget\" data-widget_type=\"text-editor.default\">\n\t\t\t\t<div class=\"elementor-widget-container\">\n\t\t\t\t\t\t\t<p class=\"font_6\" style=\"text-align: center;\">Ch\u00e2teau de Hautefort <span style=\"font-size: 15px;\">(9 kms)<\/span><\/p>\t\t\t\t\t\t<\/div>\n\t\t\t\t<\/div>\n\t\t\t\t<div class=\"elementor-element elementor-element-f7c6026 elementor-widget elementor-widget-image\" data-id=\"f7c6026\" data-element_type=\"widget\" data-widget_type=\"image.default\">\n\t\t\t\t<div class=\"elementor-widget-container\">\n\t\t\t\t\t\t\t\t\t\t<figure class=\"wp-caption\">\n\t\t\t\t\t\t\t\t\t\t\t<a href=\"https:\/\/www.chateau-hautefort.com\/\">\n\t\t\t\t\t\t\t<img decoding=\"async\" width=\"672\" height=\"410\" src=\"https:\/\/www.jardins-de-boscornut.com\/wp-content\/uploads\/2019\/09\/chateau-hautefort.jpg\" class=\"attachment-large size-large wp-image-202\" alt=\"\" srcset=\"https:\/\/www.jardins-de-boscornut.com\/wp-content\/uploads\/2019\/09\/chateau-hautefort.jpg 672w, https:\/\/www.jardins-de-boscornut.com\/wp-content\/uploads\/2019\/09\/chateau-hautefort-300x183.jpg 300w\" sizes=\"(max-width: 672px) 100vw, 672px\" \/>\t\t\t\t\t\t\t\t<\/a>\n\t\t\t\t\t\t\t\t\t\t\t<figcaption class=\"widget-image-caption wp-caption-text\">Photo : Site internet du ch\u00e2teau de Hautefort<\/figcaption>\n\t\t\t\t\t\t\t\t\t\t<\/figure>\n\t\t\t\t\t\t\t<\/div>\n\t\t\t\t<\/div>\n\t\t\t\t\t<\/div>\n\t\t<\/div>\n\t\t\t\t<div class=\"elementor-column elementor-col-33 elementor-inner-column elementor-element elementor-element-4f9956c\" data-id=\"4f9956c\" data-element_type=\"column\">\n\t\t\t<div class=\"elementor-widget-wrap elementor-element-populated\">\n\t\t\t\t\t\t<div class=\"elementor-element elementor-element-c17bdef elementor-widget elementor-widget-text-editor\" data-id=\"c17bdef\" data-element_type=\"widget\" data-widget_type=\"text-editor.default\">\n\t\t\t\t<div class=\"elementor-widget-container\">\n\t\t\t\t\t\t\t<div id=\"comp-jbxy5l51\" class=\"txtNew\" data-packed=\"true\"><p class=\"font_6\">Grotte de Tourtoirac (6 kms)<\/p><\/div>\t\t\t\t\t\t<\/div>\n\t\t\t\t<\/div>\n\t\t\t\t<div class=\"elementor-element elementor-element-7968002 elementor-widget elementor-widget-image\" data-id=\"7968002\" data-element_type=\"widget\" data-widget_type=\"image.default\">\n\t\t\t\t<div class=\"elementor-widget-container\">\n\t\t\t\t\t\t\t\t\t\t<figure class=\"wp-caption\">\n\t\t\t\t\t\t\t\t\t\t\t<a href=\"https:\/\/www.grotte-de-tourtoirac.fr\/\">\n\t\t\t\t\t\t\t<img decoding=\"async\" width=\"385\" height=\"311\" src=\"https:\/\/www.jardins-de-boscornut.com\/wp-content\/uploads\/2019\/09\/grotte-tourtoirac.jpg\" class=\"attachment-large size-large wp-image-203\" alt=\"\" srcset=\"https:\/\/www.jardins-de-boscornut.com\/wp-content\/uploads\/2019\/09\/grotte-tourtoirac.jpg 385w, https:\/\/www.jardins-de-boscornut.com\/wp-content\/uploads\/2019\/09\/grotte-tourtoirac-300x242.jpg 300w\" sizes=\"(max-width: 385px) 100vw, 385px\" \/>\t\t\t\t\t\t\t\t<\/a>\n\t\t\t\t\t\t\t\t\t\t\t<figcaption class=\"widget-image-caption wp-caption-text\">Photo : Site internet de la Grotte de Tourtoirac<\/figcaption>\n\t\t\t\t\t\t\t\t\t\t<\/figure>\n\t\t\t\t\t\t\t<\/div>\n\t\t\t\t<\/div>\n\t\t\t\t\t<\/div>\n\t\t<\/div>\n\t\t\t\t<div class=\"elementor-column elementor-col-33 elementor-inner-column elementor-element elementor-element-964f473\" data-id=\"964f473\" data-element_type=\"column\">\n\t\t\t<div class=\"elementor-widget-wrap elementor-element-populated\">\n\t\t\t\t\t\t<div class=\"elementor-element elementor-element-aef2699 elementor-widget elementor-widget-text-editor\" data-id=\"aef2699\" data-element_type=\"widget\" data-widget_type=\"text-editor.default\">\n\t\t\t\t<div class=\"elementor-widget-container\">\n\t\t\t\t\t\t\t<div id=\"comp-jby1weyw\" class=\"txtNew\" data-packed=\"true\"><h6 class=\"font_6\">Randonn\u00e9es, VTT, Cano\u00ebs, Baignade, P\u00eache, Parc Aventure, \u00c9quitation, Montgolfi\u00e8re<\/h6><h6 class=\"font_6\">Pour plus d&rsquo;infos :<br \/>&#8211; <span class=\"color_19\"><a href=\"http:\/\/www.ot-hautefort.com\" target=\"_blank\" rel=\"noopener undefined\" data-content=\"http:\/\/www.ot-hautefort.com\" data-type=\"external\">Office de tourisme de Hautefort<\/a><br \/><\/span>&#8211; <span class=\"color_19\"><a href=\"http:\/\/ot-thenon.com\" target=\"_blank\" rel=\"noopener undefined\" data-content=\"http:\/\/ot-thenon.com\" data-type=\"external\">Office de tourisme de Thenon<\/a><\/span><\/h6><\/div>\t\t\t\t\t\t<\/div>\n\t\t\t\t<\/div>\n\t\t\t\t\t<\/div>\n\t\t<\/div>\n\t\t\t\t\t<\/div>\n\t\t<\/section>\n\t\t\t\t\t<\/div>\n\t\t<\/div>\n\t\t\t\t<div class=\"elementor-column elementor-col-50 elementor-top-column elementor-element elementor-element-90553d4\" data-id=\"90553d4\" data-element_type=\"column\">\n\t\t\t<div class=\"elementor-widget-wrap elementor-element-populated\">\n\t\t\t\t\t\t<div class=\"elementor-element elementor-element-8c61808 elementor-widget elementor-widget-heading\" data-id=\"8c61808\" data-element_type=\"widget\" data-widget_type=\"heading.default\">\n\t\t\t\t<div class=\"elementor-widget-container\">\n\t\t\t<h2 class=\"elementor-heading-title elementor-size-default\">Un peu plus loin...<\/h2>\t\t<\/div>\n\t\t\t\t<\/div>\n\t\t\t\t<section class=\"elementor-section elementor-inner-section elementor-element elementor-element-1c1f2b8 elementor-section-boxed elementor-section-height-default elementor-section-height-default\" data-id=\"1c1f2b8\" data-element_type=\"section\">\n\t\t\t\t\t\t<div class=\"elementor-container elementor-column-gap-default\">\n\t\t\t\t\t<div class=\"elementor-column elementor-col-50 elementor-inner-column elementor-element elementor-element-3516e68\" data-id=\"3516e68\" data-element_type=\"column\">\n\t\t\t<div class=\"elementor-widget-wrap elementor-element-populated\">\n\t\t\t\t\t\t<div class=\"elementor-element elementor-element-915c39b elementor-widget elementor-widget-text-editor\" data-id=\"915c39b\" data-element_type=\"widget\" data-widget_type=\"text-editor.default\">\n\t\t\t\t<div class=\"elementor-widget-container\">\n\t\t\t\t\t\t\t<div id=\"comp-jby2npth\" class=\"txtNew\" data-packed=\"true\"><p class=\"font_6\">Les Jardins de l&rsquo;imaginaire (25 km)<\/p><\/div>\t\t\t\t\t\t<\/div>\n\t\t\t\t<\/div>\n\t\t\t\t<div class=\"elementor-element elementor-element-4686775 elementor-widget elementor-widget-image\" data-id=\"4686775\" data-element_type=\"widget\" data-widget_type=\"image.default\">\n\t\t\t\t<div class=\"elementor-widget-container\">\n\t\t\t\t\t\t\t\t\t\t<figure class=\"wp-caption\">\n\t\t\t\t\t\t\t\t\t\t\t<a href=\"https:\/\/www.ot-terrasson.com\/\">\n\t\t\t\t\t\t\t<img loading=\"lazy\" decoding=\"async\" width=\"224\" height=\"176\" src=\"https:\/\/www.jardins-de-boscornut.com\/wp-content\/uploads\/2019\/09\/jardins-imaginaire.jpg\" class=\"attachment-large size-large wp-image-204\" alt=\"\" \/>\t\t\t\t\t\t\t\t<\/a>\n\t\t\t\t\t\t\t\t\t\t\t<figcaption class=\"widget-image-caption wp-caption-text\">Photo : Site internet de l'office de tourisme de Terrasson<\/figcaption>\n\t\t\t\t\t\t\t\t\t\t<\/figure>\n\t\t\t\t\t\t\t<\/div>\n\t\t\t\t<\/div>\n\t\t\t\t\t<\/div>\n\t\t<\/div>\n\t\t\t\t<div class=\"elementor-column elementor-col-50 elementor-inner-column elementor-element elementor-element-cf1ae3b\" data-id=\"cf1ae3b\" data-element_type=\"column\">\n\t\t\t<div class=\"elementor-widget-wrap elementor-element-populated\">\n\t\t\t\t\t\t<div class=\"elementor-element elementor-element-2a5eef6 elementor-widget elementor-widget-text-editor\" data-id=\"2a5eef6\" data-element_type=\"widget\" data-widget_type=\"text-editor.default\">\n\t\t\t\t<div class=\"elementor-widget-container\">\n\t\t\t\t\t\t\t<div id=\"comp-jby2fqgj\" class=\"txtNew\" data-packed=\"true\"><p class=\"font_6\">Lascaux <br \/>(30 kms)<\/p><\/div>\t\t\t\t\t\t<\/div>\n\t\t\t\t<\/div>\n\t\t\t\t<div class=\"elementor-element elementor-element-a02ad22 elementor-widget elementor-widget-image\" data-id=\"a02ad22\" data-element_type=\"widget\" data-widget_type=\"image.default\">\n\t\t\t\t<div class=\"elementor-widget-container\">\n\t\t\t\t\t\t\t\t\t\t<figure class=\"wp-caption\">\n\t\t\t\t\t\t\t\t\t\t\t<a href=\"https:\/\/www.lascaux.fr\/\">\n\t\t\t\t\t\t\t<img loading=\"lazy\" decoding=\"async\" width=\"598\" height=\"395\" src=\"https:\/\/www.jardins-de-boscornut.com\/wp-content\/uploads\/2019\/09\/lascaux.jpg\" class=\"attachment-large size-large wp-image-205\" alt=\"\" srcset=\"https:\/\/www.jardins-de-boscornut.com\/wp-content\/uploads\/2019\/09\/lascaux.jpg 598w, https:\/\/www.jardins-de-boscornut.com\/wp-content\/uploads\/2019\/09\/lascaux-300x198.jpg 300w\" sizes=\"(max-width: 598px) 100vw, 598px\" \/>\t\t\t\t\t\t\t\t<\/a>\n\t\t\t\t\t\t\t\t\t\t\t<figcaption class=\"widget-image-caption wp-caption-text\">Photo : Site internet de Lascaux<\/figcaption>\n\t\t\t\t\t\t\t\t\t\t<\/figure>\n\t\t\t\t\t\t\t<\/div>\n\t\t\t\t<\/div>\n\t\t\t\t\t<\/div>\n\t\t<\/div>\n\t\t\t\t\t<\/div>\n\t\t<\/section>\n\t\t\t\t\t<\/div>\n\t\t<\/div>\n\t\t\t\t\t<\/div>\n\t\t<\/section>\n\t\t\t\t<section class=\"elementor-section elementor-top-section elementor-element elementor-element-ee1cea0 elementor-section-boxed elementor-section-height-default elementor-section-height-default\" data-id=\"ee1cea0\" data-element_type=\"section\">\n\t\t\t\t\t\t<div class=\"elementor-container elementor-column-gap-default\">\n\t\t\t\t\t<div class=\"elementor-column elementor-col-100 elementor-top-column elementor-element elementor-element-6241576\" data-id=\"6241576\" data-element_type=\"column\">\n\t\t\t<div class=\"elementor-widget-wrap elementor-element-populated\">\n\t\t\t\t\t\t<div class=\"elementor-element elementor-element-7438cee elementor-widget elementor-widget-text-editor\" data-id=\"7438cee\" data-element_type=\"widget\" data-widget_type=\"text-editor.default\">\n\t\t\t\t<div class=\"elementor-widget-container\">\n\t\t\t\t\t\t\t<h3 class=\"font_6\"><strong>Il ne s&rsquo;agit ici que d&rsquo;une s\u00e9lection. Il y a plein d&rsquo;autres sites \u00e0 d\u00e9couvrir !<\/strong><\/h3>\t\t\t\t\t\t<\/div>\n\t\t\t\t<\/div>\n\t\t\t\t\t<\/div>\n\t\t<\/div>\n\t\t\t\t\t<\/div>\n\t\t<\/section>\n\t\t\t\t<\/div>\n\t\t","protected":false},"excerpt":{"rendered":"<p>La ferme est localis\u00e9e \u00e0 Sainte-Orse dans le Haut P\u00e9rigord Noir. Il y a de nombreux sites \u00e0 visiter et de multiples activit\u00e9s \u00e0 pratiquer ! D\u00e9couvrez le tr\u00e8s beau village de Sainte-Orse ! Photos : Association Sainte-Orse M\u00e9moire et Patrimoine A proximit\u00e9&#8230; Ch\u00e2teau de Hautefort (9 kms) Photo : Site internet du ch\u00e2teau de [&hellip;]<\/p>\n","protected":false},"author":2,"featured_media":0,"parent":0,"menu_order":0,"comment_status":"closed","ping_status":"closed","template":"","meta":{"ocean_post_layout":"","ocean_both_sidebars_style":"","ocean_both_sidebars_content_width":0,"ocean_both_sidebars_sidebars_width":0,"ocean_sidebar":"0","ocean_second_sidebar":"0","ocean_disable_margins":"enable","ocean_add_body_class":"","ocean_shortcode_before_top_bar":"","ocean_shortcode_after_top_bar":"","ocean_shortcode_before_header":"","ocean_shortcode_after_header":"","ocean_has_shortcode":"","ocean_shortcode_after_title":"","ocean_shortcode_before_footer_widgets":"","ocean_shortcode_after_footer_widgets":"","ocean_shortcode_before_footer_bottom":"","ocean_shortcode_after_footer_bottom":"","ocean_display_top_bar":"default","ocean_display_header":"default","ocean_header_style":"","ocean_center_header_left_menu":"0","ocean_custom_header_template":"0","ocean_custom_logo":0,"ocean_custom_retina_logo":0,"ocean_custom_logo_max_width":0,"ocean_custom_logo_tablet_max_width":0,"ocean_custom_logo_mobile_max_width":0,"ocean_custom_logo_max_height":0,"ocean_custom_logo_tablet_max_height":0,"ocean_custom_logo_mobile_max_height":0,"ocean_header_custom_menu":"0","ocean_menu_typo_font_family":"0","ocean_menu_typo_font_subset":"","ocean_menu_typo_font_size":0,"ocean_menu_typo_font_size_tablet":0,"ocean_menu_typo_font_size_mobile":0,"ocean_menu_typo_font_size_unit":"px","ocean_menu_typo_font_weight":"","ocean_menu_typo_font_weight_tablet":"","ocean_menu_typo_font_weight_mobile":"","ocean_menu_typo_transform":"","ocean_menu_typo_transform_tablet":"","ocean_menu_typo_transform_mobile":"","ocean_menu_typo_line_height":0,"ocean_menu_typo_line_height_tablet":0,"ocean_menu_typo_line_height_mobile":0,"ocean_menu_typo_line_height_unit":"","ocean_menu_typo_spacing":0,"ocean_menu_typo_spacing_tablet":0,"ocean_menu_typo_spacing_mobile":0,"ocean_menu_typo_spacing_unit":"","ocean_menu_link_color":"","ocean_menu_link_color_hover":"","ocean_menu_link_color_active":"","ocean_menu_link_background":"","ocean_menu_link_hover_background":"","ocean_menu_link_active_background":"","ocean_menu_social_links_bg":"","ocean_menu_social_hover_links_bg":"","ocean_menu_social_links_color":"","ocean_menu_social_hover_links_color":"","ocean_disable_title":"default","ocean_disable_heading":"default","ocean_post_title":"","ocean_post_subheading":"","ocean_post_title_style":"","ocean_post_title_background_color":"","ocean_post_title_background":0,"ocean_post_title_bg_image_position":"","ocean_post_title_bg_image_attachment":"","ocean_post_title_bg_image_repeat":"","ocean_post_title_bg_image_size":"","ocean_post_title_height":0,"ocean_post_title_bg_overlay":0.5,"ocean_post_title_bg_overlay_color":"","ocean_disable_breadcrumbs":"default","ocean_breadcrumbs_color":"","ocean_breadcrumbs_separator_color":"","ocean_breadcrumbs_links_color":"","ocean_breadcrumbs_links_hover_color":"","ocean_display_footer_widgets":"default","ocean_display_footer_bottom":"default","ocean_custom_footer_template":"0"},"yoast_head":"<!-- This site is optimized with the Yoast SEO plugin v21.8.1 - https:\/\/yoast.com\/wordpress\/plugins\/seo\/ -->\n<title>Alentours - Les Jardins de Boscornut<\/title>\n<meta name=\"robots\" content=\"index, follow, max-snippet:-1, max-image-preview:large, max-video-preview:-1\" \/>\n<link rel=\"canonical\" href=\"https:\/\/www.jardins-de-boscornut.com\/index.php\/alentours\/\" \/>\n<meta property=\"og:locale\" content=\"fr_FR\" \/>\n<meta property=\"og:type\" content=\"article\" \/>\n<meta property=\"og:title\" content=\"Alentours - Les Jardins de Boscornut\" \/>\n<meta property=\"og:description\" content=\"La ferme est localis\u00e9e \u00e0 Sainte-Orse dans le Haut P\u00e9rigord Noir. Il y a de nombreux sites \u00e0 visiter et de multiples activit\u00e9s \u00e0 pratiquer ! D\u00e9couvrez le tr\u00e8s beau village de Sainte-Orse ! Photos : Association Sainte-Orse M\u00e9moire et Patrimoine A proximit\u00e9&#8230; Ch\u00e2teau de Hautefort (9 kms) Photo : Site internet du ch\u00e2teau de [&hellip;]\" \/>\n<meta property=\"og:url\" content=\"https:\/\/www.jardins-de-boscornut.com\/index.php\/alentours\/\" \/>\n<meta property=\"og:site_name\" content=\"Les Jardins de Boscornut\" \/>\n<meta property=\"article:modified_time\" content=\"2020-10-06T08:10:10+00:00\" \/>\n<meta property=\"og:image\" content=\"https:\/\/www.jardins-de-boscornut.com\/wp-content\/uploads\/2019\/09\/sainteorse.jpg\" \/>\n<meta name=\"twitter:card\" content=\"summary_large_image\" \/>\n<meta name=\"twitter:label1\" content=\"Dur\u00e9e de lecture estim\u00e9e\" \/>\n\t<meta name=\"twitter:data1\" content=\"1 minute\" \/>\n<script type=\"application\/ld+json\" class=\"yoast-schema-graph\">{\"@context\":\"https:\/\/schema.org\",\"@graph\":[{\"@type\":\"WebPage\",\"@id\":\"https:\/\/www.jardins-de-boscornut.com\/index.php\/alentours\/\",\"url\":\"https:\/\/www.jardins-de-boscornut.com\/index.php\/alentours\/\",\"name\":\"Alentours - Les Jardins de Boscornut\",\"isPartOf\":{\"@id\":\"https:\/\/www.jardins-de-boscornut.com\/#website\"},\"datePublished\":\"2019-09-26T08:51:07+00:00\",\"dateModified\":\"2020-10-06T08:10:10+00:00\",\"breadcrumb\":{\"@id\":\"https:\/\/www.jardins-de-boscornut.com\/index.php\/alentours\/#breadcrumb\"},\"inLanguage\":\"fr-FR\",\"potentialAction\":[{\"@type\":\"ReadAction\",\"target\":[\"https:\/\/www.jardins-de-boscornut.com\/index.php\/alentours\/\"]}]},{\"@type\":\"BreadcrumbList\",\"@id\":\"https:\/\/www.jardins-de-boscornut.com\/index.php\/alentours\/#breadcrumb\",\"itemListElement\":[{\"@type\":\"ListItem\",\"position\":1,\"name\":\"Accueil\",\"item\":\"https:\/\/www.jardins-de-boscornut.com\/\"},{\"@type\":\"ListItem\",\"position\":2,\"name\":\"Alentours\"}]},{\"@type\":\"WebSite\",\"@id\":\"https:\/\/www.jardins-de-boscornut.com\/#website\",\"url\":\"https:\/\/www.jardins-de-boscornut.com\/\",\"name\":\"Les Jardins de Boscornut\",\"description\":\"L\u00e9gumes, oeufs et CBD \u00e0 Ste-Orse\",\"publisher\":{\"@id\":\"https:\/\/www.jardins-de-boscornut.com\/#organization\"},\"potentialAction\":[{\"@type\":\"SearchAction\",\"target\":{\"@type\":\"EntryPoint\",\"urlTemplate\":\"https:\/\/www.jardins-de-boscornut.com\/?s={search_term_string}\"},\"query-input\":\"required name=search_term_string\"}],\"inLanguage\":\"fr-FR\"},{\"@type\":\"Organization\",\"@id\":\"https:\/\/www.jardins-de-boscornut.com\/#organization\",\"name\":\"Les Jardins de Boscornut\",\"url\":\"https:\/\/www.jardins-de-boscornut.com\/\",\"logo\":{\"@type\":\"ImageObject\",\"inLanguage\":\"fr-FR\",\"@id\":\"https:\/\/www.jardins-de-boscornut.com\/#\/schema\/logo\/image\/\",\"url\":\"https:\/\/www.jardins-de-boscornut.com\/wp-content\/uploads\/2019\/09\/logo.jpg\",\"contentUrl\":\"https:\/\/www.jardins-de-boscornut.com\/wp-content\/uploads\/2019\/09\/logo.jpg\",\"width\":1500,\"height\":964,\"caption\":\"Les Jardins de Boscornut\"},\"image\":{\"@id\":\"https:\/\/www.jardins-de-boscornut.com\/#\/schema\/logo\/image\/\"}}]}<\/script>\n<!-- \/ Yoast SEO plugin. -->","yoast_head_json":{"title":"Alentours - Les Jardins de Boscornut","robots":{"index":"index","follow":"follow","max-snippet":"max-snippet:-1","max-image-preview":"max-image-preview:large","max-video-preview":"max-video-preview:-1"},"canonical":"https:\/\/www.jardins-de-boscornut.com\/index.php\/alentours\/","og_locale":"fr_FR","og_type":"article","og_title":"Alentours - Les Jardins de Boscornut","og_description":"La ferme est localis\u00e9e \u00e0 Sainte-Orse dans le Haut P\u00e9rigord Noir. Il y a de nombreux sites \u00e0 visiter et de multiples activit\u00e9s \u00e0 pratiquer ! D\u00e9couvrez le tr\u00e8s beau village de Sainte-Orse ! Photos : Association Sainte-Orse M\u00e9moire et Patrimoine A proximit\u00e9&#8230; Ch\u00e2teau de Hautefort (9 kms) Photo : Site internet du ch\u00e2teau de [&hellip;]","og_url":"https:\/\/www.jardins-de-boscornut.com\/index.php\/alentours\/","og_site_name":"Les Jardins de Boscornut","article_modified_time":"2020-10-06T08:10:10+00:00","og_image":[{"url":"https:\/\/www.jardins-de-boscornut.com\/wp-content\/uploads\/2019\/09\/sainteorse.jpg"}],"twitter_card":"summary_large_image","twitter_misc":{"Dur\u00e9e de lecture estim\u00e9e":"1 minute"},"schema":{"@context":"https:\/\/schema.org","@graph":[{"@type":"WebPage","@id":"https:\/\/www.jardins-de-boscornut.com\/index.php\/alentours\/","url":"https:\/\/www.jardins-de-boscornut.com\/index.php\/alentours\/","name":"Alentours - Les Jardins de Boscornut","isPartOf":{"@id":"https:\/\/www.jardins-de-boscornut.com\/#website"},"datePublished":"2019-09-26T08:51:07+00:00","dateModified":"2020-10-06T08:10:10+00:00","breadcrumb":{"@id":"https:\/\/www.jardins-de-boscornut.com\/index.php\/alentours\/#breadcrumb"},"inLanguage":"fr-FR","potentialAction":[{"@type":"ReadAction","target":["https:\/\/www.jardins-de-boscornut.com\/index.php\/alentours\/"]}]},{"@type":"BreadcrumbList","@id":"https:\/\/www.jardins-de-boscornut.com\/index.php\/alentours\/#breadcrumb","itemListElement":[{"@type":"ListItem","position":1,"name":"Accueil","item":"https:\/\/www.jardins-de-boscornut.com\/"},{"@type":"ListItem","position":2,"name":"Alentours"}]},{"@type":"WebSite","@id":"https:\/\/www.jardins-de-boscornut.com\/#website","url":"https:\/\/www.jardins-de-boscornut.com\/","name":"Les Jardins de Boscornut","description":"L\u00e9gumes, oeufs et CBD \u00e0 Ste-Orse","publisher":{"@id":"https:\/\/www.jardins-de-boscornut.com\/#organization"},"potentialAction":[{"@type":"SearchAction","target":{"@type":"EntryPoint","urlTemplate":"https:\/\/www.jardins-de-boscornut.com\/?s={search_term_string}"},"query-input":"required name=search_term_string"}],"inLanguage":"fr-FR"},{"@type":"Organization","@id":"https:\/\/www.jardins-de-boscornut.com\/#organization","name":"Les Jardins de Boscornut","url":"https:\/\/www.jardins-de-boscornut.com\/","logo":{"@type":"ImageObject","inLanguage":"fr-FR","@id":"https:\/\/www.jardins-de-boscornut.com\/#\/schema\/logo\/image\/","url":"https:\/\/www.jardins-de-boscornut.com\/wp-content\/uploads\/2019\/09\/logo.jpg","contentUrl":"https:\/\/www.jardins-de-boscornut.com\/wp-content\/uploads\/2019\/09\/logo.jpg","width":1500,"height":964,"caption":"Les Jardins de Boscornut"},"image":{"@id":"https:\/\/www.jardins-de-boscornut.com\/#\/schema\/logo\/image\/"}}]}},"_links":{"self":[{"href":"https:\/\/www.jardins-de-boscornut.com\/index.php\/wp-json\/wp\/v2\/pages\/94"}],"collection":[{"href":"https:\/\/www.jardins-de-boscornut.com\/index.php\/wp-json\/wp\/v2\/pages"}],"about":[{"href":"https:\/\/www.jardins-de-boscornut.com\/index.php\/wp-json\/wp\/v2\/types\/page"}],"author":[{"embeddable":true,"href":"https:\/\/www.jardins-de-boscornut.com\/index.php\/wp-json\/wp\/v2\/users\/2"}],"replies":[{"embeddable":true,"href":"https:\/\/www.jardins-de-boscornut.com\/index.php\/wp-json\/wp\/v2\/comments?post=94"}],"version-history":[{"count":7,"href":"https:\/\/www.jardins-de-boscornut.com\/index.php\/wp-json\/wp\/v2\/pages\/94\/revisions"}],"predecessor-version":[{"id":338,"href":"https:\/\/www.jardins-de-boscornut.com\/index.php\/wp-json\/wp\/v2\/pages\/94\/revisions\/338"}],"wp:attachment":[{"href":"https:\/\/www.jardins-de-boscornut.com\/index.php\/wp-json\/wp\/v2\/media?parent=94"}],"curies":[{"name":"wp","href":"https:\/\/api.w.org\/{rel}","templated":true}]}}