{"id":57,"date":"2019-09-26T10:12:20","date_gmt":"2019-09-26T08:12:20","guid":{"rendered":"http:\/\/jardinsdxa.cluster023.hosting.ovh.net\/?page_id=57"},"modified":"2025-04-08T06:31:30","modified_gmt":"2025-04-08T04:31:30","slug":"qui-sommes-nous","status":"publish","type":"page","link":"https:\/\/www.jardins-de-boscornut.com\/index.php\/qui-sommes-nous\/","title":{"rendered":"Qui sommes-nous ?"},"content":{"rendered":"\t\t<div data-elementor-type=\"wp-page\" data-elementor-id=\"57\" class=\"elementor elementor-57\">\n\t\t\t\t\t\t<section class=\"elementor-section elementor-top-section elementor-element elementor-element-1619a37 elementor-section-boxed elementor-section-height-default elementor-section-height-default\" data-id=\"1619a37\" data-element_type=\"section\">\n\t\t\t\t\t\t<div class=\"elementor-container elementor-column-gap-default\">\n\t\t\t\t\t<div class=\"elementor-column elementor-col-100 elementor-top-column elementor-element elementor-element-f74ccb8\" data-id=\"f74ccb8\" data-element_type=\"column\">\n\t\t\t<div class=\"elementor-widget-wrap elementor-element-populated\">\n\t\t\t\t\t\t<div class=\"elementor-element elementor-element-1a7b17d elementor-widget elementor-widget-heading\" data-id=\"1a7b17d\" data-element_type=\"widget\" data-widget_type=\"heading.default\">\n\t\t\t\t<div class=\"elementor-widget-container\">\n\t\t\t<h1 class=\"elementor-heading-title elementor-size-default\">Notre petite histoire...<\/h1>\t\t<\/div>\n\t\t\t\t<\/div>\n\t\t\t\t\t<\/div>\n\t\t<\/div>\n\t\t\t\t\t<\/div>\n\t\t<\/section>\n\t\t\t\t<section class=\"elementor-section elementor-top-section elementor-element elementor-element-2530874 elementor-section-boxed elementor-section-height-default elementor-section-height-default\" data-id=\"2530874\" data-element_type=\"section\">\n\t\t\t\t\t\t<div class=\"elementor-container elementor-column-gap-default\">\n\t\t\t\t\t<div class=\"elementor-column elementor-col-50 elementor-top-column elementor-element elementor-element-c3c3524\" data-id=\"c3c3524\" data-element_type=\"column\">\n\t\t\t<div class=\"elementor-widget-wrap elementor-element-populated\">\n\t\t\t\t\t\t<div class=\"elementor-element elementor-element-c2b133b elementor-widget elementor-widget-text-editor\" data-id=\"c2b133b\" data-element_type=\"widget\" data-widget_type=\"text-editor.default\">\n\t\t\t\t<div class=\"elementor-widget-container\">\n\t\t\t\t\t\t\t<div id=\"Cntnr3inlineContent-gridWrapper\" data-mesh-internal=\"true\"><div id=\"Cntnr3inlineContent-gridContainer\" data-mesh-internal=\"true\"><div id=\"comp-jbs8526v\" class=\"txtNew\" data-packed=\"true\"><p class=\"font_8\">Nous sommes David et Sylvie, originaires de la r\u00e9gion st\u00e9phanoise. Au d\u00e9part, rien ne nous pr\u00e9destinait au m\u00e9tier d&rsquo;agriculteur ! David \u00e9tait carrossier\/peintre puis commercial dans l&rsquo;automobile alors que Sylvie \u00e9tait ing\u00e9nieur de recherche en sciences \u00e9conomiques !<\/p><p class=\"font_8\">Le \u00ab\u00a0ras le bol\u00a0\u00bb de la vie urbaine et notre mal-\u00eatre professionnel dans de grandes organisations fortement hi\u00e9rarchis\u00e9es nous ont conduit \u00e0 changer radicalement de vie !<\/p><p class=\"font_8\">Avec une volont\u00e9 forte de retour \u00e0 la terre, nous avons alors d\u00e9cid\u00e9 d\u00a0\u00bbabandonner\u00a0\u00bb nos anciennes situations professionnelles et vendre notre maison pour cr\u00e9er une petite ferme.<\/p><\/div><\/div><\/div>\t\t\t\t\t\t<\/div>\n\t\t\t\t<\/div>\n\t\t\t\t<div class=\"elementor-element elementor-element-00a0c73 elementor-widget elementor-widget-image\" data-id=\"00a0c73\" data-element_type=\"widget\" data-widget_type=\"image.default\">\n\t\t\t\t<div class=\"elementor-widget-container\">\n\t\t\t\t\t\t\t\t\t\t\t\t\t<img fetchpriority=\"high\" decoding=\"async\" width=\"408\" height=\"306\" src=\"https:\/\/www.jardins-de-boscornut.com\/wp-content\/uploads\/2019\/09\/23032427-972602672887173-5998227170513810148-n.jpg\" class=\"attachment-large size-large wp-image-149\" alt=\"\" srcset=\"https:\/\/www.jardins-de-boscornut.com\/wp-content\/uploads\/2019\/09\/23032427-972602672887173-5998227170513810148-n.jpg 408w, https:\/\/www.jardins-de-boscornut.com\/wp-content\/uploads\/2019\/09\/23032427-972602672887173-5998227170513810148-n-300x225.jpg 300w\" sizes=\"(max-width: 408px) 100vw, 408px\" \/>\t\t\t\t\t\t\t\t\t\t\t\t\t<\/div>\n\t\t\t\t<\/div>\n\t\t\t\t\t<\/div>\n\t\t<\/div>\n\t\t\t\t<div class=\"elementor-column elementor-col-50 elementor-top-column elementor-element elementor-element-f2d91d6\" data-id=\"f2d91d6\" data-element_type=\"column\">\n\t\t\t<div class=\"elementor-widget-wrap elementor-element-populated\">\n\t\t\t\t\t\t<div class=\"elementor-element elementor-element-5e0e62e elementor-widget elementor-widget-image\" data-id=\"5e0e62e\" data-element_type=\"widget\" data-widget_type=\"image.default\">\n\t\t\t\t<div class=\"elementor-widget-container\">\n\t\t\t\t\t\t\t\t\t\t\t\t\t<img decoding=\"async\" width=\"1024\" height=\"625\" src=\"https:\/\/www.jardins-de-boscornut.com\/wp-content\/uploads\/2019\/09\/img-4447-e1569575583323-1024x625.jpg\" class=\"attachment-large size-large wp-image-148\" alt=\"\" srcset=\"https:\/\/www.jardins-de-boscornut.com\/wp-content\/uploads\/2019\/09\/img-4447-e1569575583323-1024x625.jpg 1024w, https:\/\/www.jardins-de-boscornut.com\/wp-content\/uploads\/2019\/09\/img-4447-e1569575583323-300x183.jpg 300w, https:\/\/www.jardins-de-boscornut.com\/wp-content\/uploads\/2019\/09\/img-4447-e1569575583323-768x468.jpg 768w\" sizes=\"(max-width: 1024px) 100vw, 1024px\" \/>\t\t\t\t\t\t\t\t\t\t\t\t\t<\/div>\n\t\t\t\t<\/div>\n\t\t\t\t<div class=\"elementor-element elementor-element-f94f9fb elementor-widget elementor-widget-text-editor\" data-id=\"f94f9fb\" data-element_type=\"widget\" data-widget_type=\"text-editor.default\">\n\t\t\t\t<div class=\"elementor-widget-container\">\n\t\t\t\t\t\t\t<div id=\"Cntnr2inlineContent-gridWrapper\" data-mesh-internal=\"true\"><div id=\"Cntnr2inlineContent-gridContainer\" data-mesh-internal=\"true\"><div id=\"comp-jbs881of\" class=\"txtNew\" data-packed=\"false\" data-min-height=\"267\"><p class=\"font_8\">Le choix de la Dordogne s&rsquo;est tr\u00e8s vite impos\u00e9 du fait de nombreux s\u00e9jours touristiques pass\u00e9s sur ce territoire, riche d&rsquo;un point de vue historique, gastronomique et pourvu d&rsquo;un environnement naturel pr\u00e9serv\u00e9.<\/p><p class=\"font_8\">Apr\u00e8s maintes visites, nous avons \u00ab\u00a0craqu\u00e9\u00a0\u00bb pour une ancienne petite ferme dans le hameau de Boscornut \u00e0 Sainte-Orse. Les terres \u00e9taient en friche depuis plus de 10 ans et le b\u00e2ti \u00e9tait \u00e0 r\u00e9nover compl\u00e8tement. Le d\u00e9fi \u00e9tait grand mais nous \u00e9tions tr\u00e8s motiv\u00e9s pour cr\u00e9er notre activit\u00e9 de A \u00e0 Z !<\/p><p class=\"font_8\">Apr\u00e8s l&rsquo;acte notari\u00e9 sign\u00e9 en F\u00e9vrier 2016, nous avons pass\u00e9 la premi\u00e8re ann\u00e9e \u00e0 r\u00e9nover la petite maison pour notre petite famille, \u00e0 d\u00e9fricher les terres et \u00e9laborer notre projet d\u2019entreprise.<\/p><p class=\"font_8\">Aujourd&rsquo;hui, nous proposons \u00e0 la vente, l\u00e9gumes de saison, \u0153ufs et CBD\/CBG ! <\/p><\/div><\/div><\/div>\t\t\t\t\t\t<\/div>\n\t\t\t\t<\/div>\n\t\t\t\t\t<\/div>\n\t\t<\/div>\n\t\t\t\t\t<\/div>\n\t\t<\/section>\n\t\t\t\t<\/div>\n\t\t","protected":false},"excerpt":{"rendered":"<p>Notre petite histoire&#8230; Nous sommes David et Sylvie, originaires de la r\u00e9gion st\u00e9phanoise. Au d\u00e9part, rien ne nous pr\u00e9destinait au m\u00e9tier d&rsquo;agriculteur ! David \u00e9tait carrossier\/peintre puis commercial dans l&rsquo;automobile alors que Sylvie \u00e9tait ing\u00e9nieur de recherche en sciences \u00e9conomiques ! Le \u00ab\u00a0ras le bol\u00a0\u00bb de la vie urbaine et notre mal-\u00eatre professionnel dans de [&hellip;]<\/p>\n","protected":false},"author":2,"featured_media":0,"parent":0,"menu_order":0,"comment_status":"closed","ping_status":"closed","template":"","meta":{"ocean_post_layout":"","ocean_both_sidebars_style":"","ocean_both_sidebars_content_width":0,"ocean_both_sidebars_sidebars_width":0,"ocean_sidebar":"0","ocean_second_sidebar":"0","ocean_disable_margins":"enable","ocean_add_body_class":"","ocean_shortcode_before_top_bar":"","ocean_shortcode_after_top_bar":"","ocean_shortcode_before_header":"","ocean_shortcode_after_header":"","ocean_has_shortcode":"","ocean_shortcode_after_title":"","ocean_shortcode_before_footer_widgets":"","ocean_shortcode_after_footer_widgets":"","ocean_shortcode_before_footer_bottom":"","ocean_shortcode_after_footer_bottom":"","ocean_display_top_bar":"default","ocean_display_header":"default","ocean_header_style":"","ocean_center_header_left_menu":"0","ocean_custom_header_template":"0","ocean_custom_logo":0,"ocean_custom_retina_logo":0,"ocean_custom_logo_max_width":0,"ocean_custom_logo_tablet_max_width":0,"ocean_custom_logo_mobile_max_width":0,"ocean_custom_logo_max_height":0,"ocean_custom_logo_tablet_max_height":0,"ocean_custom_logo_mobile_max_height":0,"ocean_header_custom_menu":"0","ocean_menu_typo_font_family":"0","ocean_menu_typo_font_subset":"","ocean_menu_typo_font_size":0,"ocean_menu_typo_font_size_tablet":0,"ocean_menu_typo_font_size_mobile":0,"ocean_menu_typo_font_size_unit":"px","ocean_menu_typo_font_weight":"","ocean_menu_typo_font_weight_tablet":"","ocean_menu_typo_font_weight_mobile":"","ocean_menu_typo_transform":"","ocean_menu_typo_transform_tablet":"","ocean_menu_typo_transform_mobile":"","ocean_menu_typo_line_height":0,"ocean_menu_typo_line_height_tablet":0,"ocean_menu_typo_line_height_mobile":0,"ocean_menu_typo_line_height_unit":"","ocean_menu_typo_spacing":0,"ocean_menu_typo_spacing_tablet":0,"ocean_menu_typo_spacing_mobile":0,"ocean_menu_typo_spacing_unit":"","ocean_menu_link_color":"","ocean_menu_link_color_hover":"","ocean_menu_link_color_active":"","ocean_menu_link_background":"","ocean_menu_link_hover_background":"","ocean_menu_link_active_background":"","ocean_menu_social_links_bg":"","ocean_menu_social_hover_links_bg":"","ocean_menu_social_links_color":"","ocean_menu_social_hover_links_color":"","ocean_disable_title":"default","ocean_disable_heading":"default","ocean_post_title":"","ocean_post_subheading":"","ocean_post_title_style":"","ocean_post_title_background_color":"","ocean_post_title_background":0,"ocean_post_title_bg_image_position":"","ocean_post_title_bg_image_attachment":"","ocean_post_title_bg_image_repeat":"","ocean_post_title_bg_image_size":"","ocean_post_title_height":0,"ocean_post_title_bg_overlay":0.5,"ocean_post_title_bg_overlay_color":"","ocean_disable_breadcrumbs":"default","ocean_breadcrumbs_color":"","ocean_breadcrumbs_separator_color":"","ocean_breadcrumbs_links_color":"","ocean_breadcrumbs_links_hover_color":"","ocean_display_footer_widgets":"default","ocean_display_footer_bottom":"default","ocean_custom_footer_template":"0"},"yoast_head":"<!-- This site is optimized with the Yoast SEO plugin v21.8.1 - https:\/\/yoast.com\/wordpress\/plugins\/seo\/ -->\n<title>Qui sommes-nous ? - Les Jardins de Boscornut<\/title>\n<meta name=\"robots\" content=\"index, follow, max-snippet:-1, max-image-preview:large, max-video-preview:-1\" \/>\n<link rel=\"canonical\" href=\"https:\/\/www.jardins-de-boscornut.com\/index.php\/qui-sommes-nous\/\" \/>\n<meta property=\"og:locale\" content=\"fr_FR\" \/>\n<meta property=\"og:type\" content=\"article\" \/>\n<meta property=\"og:title\" content=\"Qui sommes-nous ? - Les Jardins de Boscornut\" \/>\n<meta property=\"og:description\" content=\"Notre petite histoire&#8230; Nous sommes David et Sylvie, originaires de la r\u00e9gion st\u00e9phanoise. Au d\u00e9part, rien ne nous pr\u00e9destinait au m\u00e9tier d&rsquo;agriculteur ! David \u00e9tait carrossier\/peintre puis commercial dans l&rsquo;automobile alors que Sylvie \u00e9tait ing\u00e9nieur de recherche en sciences \u00e9conomiques ! Le \u00ab\u00a0ras le bol\u00a0\u00bb de la vie urbaine et notre mal-\u00eatre professionnel dans de [&hellip;]\" \/>\n<meta property=\"og:url\" content=\"https:\/\/www.jardins-de-boscornut.com\/index.php\/qui-sommes-nous\/\" \/>\n<meta property=\"og:site_name\" content=\"Les Jardins de Boscornut\" \/>\n<meta property=\"article:modified_time\" content=\"2025-04-08T04:31:30+00:00\" \/>\n<meta property=\"og:image\" content=\"https:\/\/www.jardins-de-boscornut.com\/wp-content\/uploads\/2019\/09\/23032427-972602672887173-5998227170513810148-n.jpg\" \/>\n<meta name=\"twitter:card\" content=\"summary_large_image\" \/>\n<meta name=\"twitter:label1\" content=\"Dur\u00e9e de lecture estim\u00e9e\" \/>\n\t<meta name=\"twitter:data1\" content=\"2 minutes\" \/>\n<script type=\"application\/ld+json\" class=\"yoast-schema-graph\">{\"@context\":\"https:\/\/schema.org\",\"@graph\":[{\"@type\":\"WebPage\",\"@id\":\"https:\/\/www.jardins-de-boscornut.com\/index.php\/qui-sommes-nous\/\",\"url\":\"https:\/\/www.jardins-de-boscornut.com\/index.php\/qui-sommes-nous\/\",\"name\":\"Qui sommes-nous ? - Les Jardins de Boscornut\",\"isPartOf\":{\"@id\":\"https:\/\/www.jardins-de-boscornut.com\/#website\"},\"datePublished\":\"2019-09-26T08:12:20+00:00\",\"dateModified\":\"2025-04-08T04:31:30+00:00\",\"breadcrumb\":{\"@id\":\"https:\/\/www.jardins-de-boscornut.com\/index.php\/qui-sommes-nous\/#breadcrumb\"},\"inLanguage\":\"fr-FR\",\"potentialAction\":[{\"@type\":\"ReadAction\",\"target\":[\"https:\/\/www.jardins-de-boscornut.com\/index.php\/qui-sommes-nous\/\"]}]},{\"@type\":\"BreadcrumbList\",\"@id\":\"https:\/\/www.jardins-de-boscornut.com\/index.php\/qui-sommes-nous\/#breadcrumb\",\"itemListElement\":[{\"@type\":\"ListItem\",\"position\":1,\"name\":\"Accueil\",\"item\":\"https:\/\/www.jardins-de-boscornut.com\/\"},{\"@type\":\"ListItem\",\"position\":2,\"name\":\"Qui sommes-nous ?\"}]},{\"@type\":\"WebSite\",\"@id\":\"https:\/\/www.jardins-de-boscornut.com\/#website\",\"url\":\"https:\/\/www.jardins-de-boscornut.com\/\",\"name\":\"Les Jardins de Boscornut\",\"description\":\"L\u00e9gumes, oeufs et CBD \u00e0 Ste-Orse\",\"publisher\":{\"@id\":\"https:\/\/www.jardins-de-boscornut.com\/#organization\"},\"potentialAction\":[{\"@type\":\"SearchAction\",\"target\":{\"@type\":\"EntryPoint\",\"urlTemplate\":\"https:\/\/www.jardins-de-boscornut.com\/?s={search_term_string}\"},\"query-input\":\"required name=search_term_string\"}],\"inLanguage\":\"fr-FR\"},{\"@type\":\"Organization\",\"@id\":\"https:\/\/www.jardins-de-boscornut.com\/#organization\",\"name\":\"Les Jardins de Boscornut\",\"url\":\"https:\/\/www.jardins-de-boscornut.com\/\",\"logo\":{\"@type\":\"ImageObject\",\"inLanguage\":\"fr-FR\",\"@id\":\"https:\/\/www.jardins-de-boscornut.com\/#\/schema\/logo\/image\/\",\"url\":\"https:\/\/www.jardins-de-boscornut.com\/wp-content\/uploads\/2019\/09\/logo.jpg\",\"contentUrl\":\"https:\/\/www.jardins-de-boscornut.com\/wp-content\/uploads\/2019\/09\/logo.jpg\",\"width\":1500,\"height\":964,\"caption\":\"Les Jardins de Boscornut\"},\"image\":{\"@id\":\"https:\/\/www.jardins-de-boscornut.com\/#\/schema\/logo\/image\/\"}}]}<\/script>\n<!-- \/ Yoast SEO plugin. -->","yoast_head_json":{"title":"Qui sommes-nous ? - Les Jardins de Boscornut","robots":{"index":"index","follow":"follow","max-snippet":"max-snippet:-1","max-image-preview":"max-image-preview:large","max-video-preview":"max-video-preview:-1"},"canonical":"https:\/\/www.jardins-de-boscornut.com\/index.php\/qui-sommes-nous\/","og_locale":"fr_FR","og_type":"article","og_title":"Qui sommes-nous ? - Les Jardins de Boscornut","og_description":"Notre petite histoire&#8230; Nous sommes David et Sylvie, originaires de la r\u00e9gion st\u00e9phanoise. Au d\u00e9part, rien ne nous pr\u00e9destinait au m\u00e9tier d&rsquo;agriculteur ! David \u00e9tait carrossier\/peintre puis commercial dans l&rsquo;automobile alors que Sylvie \u00e9tait ing\u00e9nieur de recherche en sciences \u00e9conomiques ! Le \u00ab\u00a0ras le bol\u00a0\u00bb de la vie urbaine et notre mal-\u00eatre professionnel dans de [&hellip;]","og_url":"https:\/\/www.jardins-de-boscornut.com\/index.php\/qui-sommes-nous\/","og_site_name":"Les Jardins de Boscornut","article_modified_time":"2025-04-08T04:31:30+00:00","og_image":[{"url":"https:\/\/www.jardins-de-boscornut.com\/wp-content\/uploads\/2019\/09\/23032427-972602672887173-5998227170513810148-n.jpg"}],"twitter_card":"summary_large_image","twitter_misc":{"Dur\u00e9e de lecture estim\u00e9e":"2 minutes"},"schema":{"@context":"https:\/\/schema.org","@graph":[{"@type":"WebPage","@id":"https:\/\/www.jardins-de-boscornut.com\/index.php\/qui-sommes-nous\/","url":"https:\/\/www.jardins-de-boscornut.com\/index.php\/qui-sommes-nous\/","name":"Qui sommes-nous ? - Les Jardins de Boscornut","isPartOf":{"@id":"https:\/\/www.jardins-de-boscornut.com\/#website"},"datePublished":"2019-09-26T08:12:20+00:00","dateModified":"2025-04-08T04:31:30+00:00","breadcrumb":{"@id":"https:\/\/www.jardins-de-boscornut.com\/index.php\/qui-sommes-nous\/#breadcrumb"},"inLanguage":"fr-FR","potentialAction":[{"@type":"ReadAction","target":["https:\/\/www.jardins-de-boscornut.com\/index.php\/qui-sommes-nous\/"]}]},{"@type":"BreadcrumbList","@id":"https:\/\/www.jardins-de-boscornut.com\/index.php\/qui-sommes-nous\/#breadcrumb","itemListElement":[{"@type":"ListItem","position":1,"name":"Accueil","item":"https:\/\/www.jardins-de-boscornut.com\/"},{"@type":"ListItem","position":2,"name":"Qui sommes-nous ?"}]},{"@type":"WebSite","@id":"https:\/\/www.jardins-de-boscornut.com\/#website","url":"https:\/\/www.jardins-de-boscornut.com\/","name":"Les Jardins de Boscornut","description":"L\u00e9gumes, oeufs et CBD \u00e0 Ste-Orse","publisher":{"@id":"https:\/\/www.jardins-de-boscornut.com\/#organization"},"potentialAction":[{"@type":"SearchAction","target":{"@type":"EntryPoint","urlTemplate":"https:\/\/www.jardins-de-boscornut.com\/?s={search_term_string}"},"query-input":"required name=search_term_string"}],"inLanguage":"fr-FR"},{"@type":"Organization","@id":"https:\/\/www.jardins-de-boscornut.com\/#organization","name":"Les Jardins de Boscornut","url":"https:\/\/www.jardins-de-boscornut.com\/","logo":{"@type":"ImageObject","inLanguage":"fr-FR","@id":"https:\/\/www.jardins-de-boscornut.com\/#\/schema\/logo\/image\/","url":"https:\/\/www.jardins-de-boscornut.com\/wp-content\/uploads\/2019\/09\/logo.jpg","contentUrl":"https:\/\/www.jardins-de-boscornut.com\/wp-content\/uploads\/2019\/09\/logo.jpg","width":1500,"height":964,"caption":"Les Jardins de Boscornut"},"image":{"@id":"https:\/\/www.jardins-de-boscornut.com\/#\/schema\/logo\/image\/"}}]}},"_links":{"self":[{"href":"https:\/\/www.jardins-de-boscornut.com\/index.php\/wp-json\/wp\/v2\/pages\/57"}],"collection":[{"href":"https:\/\/www.jardins-de-boscornut.com\/index.php\/wp-json\/wp\/v2\/pages"}],"about":[{"href":"https:\/\/www.jardins-de-boscornut.com\/index.php\/wp-json\/wp\/v2\/types\/page"}],"author":[{"embeddable":true,"href":"https:\/\/www.jardins-de-boscornut.com\/index.php\/wp-json\/wp\/v2\/users\/2"}],"replies":[{"embeddable":true,"href":"https:\/\/www.jardins-de-boscornut.com\/index.php\/wp-json\/wp\/v2\/comments?post=57"}],"version-history":[{"count":18,"href":"https:\/\/www.jardins-de-boscornut.com\/index.php\/wp-json\/wp\/v2\/pages\/57\/revisions"}],"predecessor-version":[{"id":677,"href":"https:\/\/www.jardins-de-boscornut.com\/index.php\/wp-json\/wp\/v2\/pages\/57\/revisions\/677"}],"wp:attachment":[{"href":"https:\/\/www.jardins-de-boscornut.com\/index.php\/wp-json\/wp\/v2\/media?parent=57"}],"curies":[{"name":"wp","href":"https:\/\/api.w.org\/{rel}","templated":true}]}}